4*r - 60 = -0*a, 2*a = -3*r + x. Does 8 divide a?
False
Does 47 divide (-11892)/(-9) + (484/33 - 15)?
False
Suppose -27*o + 13713 = -9129. Is 47 a factor of o?
True
Suppose 3*o = 28 - 13. Suppose 7*u - 12*u = -1140. Suppose -n = -o*n + u. Is n a multiple of 12?
False
Suppose 3*d = 1034 - 377. Is 24 a factor of d?
False
Let f = 1933 + -391. Does 13 divide f?
False
Let m(w) be the third derivative of w**4 - 3*w**3/2 - 6*w**2. Let b be m(5). Suppose -3*d + b = 24. Does 8 divide d?
False
Let f = 501 + -163. Suppose -5*o + f - 83 = -r, -3*r = o - 67. Is 13 a factor of o?
True
Suppose -2 - 2 = 2*b, 2*u = b + 14. Let h(v) = -2 - 6 + 5 - 9*v - u. Is 12 a factor of h(-9)?
True
Let c = -26 + 11. Is 6 a factor of (-3)/c - 179/(-5)?
True
Let f be 130/(-20)*(0 - -2). Let m = -2 + f. Is 3/(18/m)*-4 a multiple of 7?
False
Let n = -9 - -7. Let h be (-1)/n*(-42)/(-7). Suppose -114 = v - h*v. Is v a multiple of 20?
False
Let l(x) = x**2 - 10*x. Let i be l(7). Let h = i + 12. Let o = 3 - h. Does 6 divide o?
True
Suppose w = -o + 22, -4*w + 2*w = 5*o - 107. Suppose -5*r + 3*x - 87 + 5 = 0, -5*r - 5*x = 50. Is 10 a factor of (-286)/r + o/(-49)?
True
Let y = 447 - 408. Is y a multiple of 21?
False
Let l = 17 + -16. Is 9 a factor of 132*l*(-5)/(-10)?
False
Let s(v) = v**2 - 4*v + 3. Let c be s(2). Suppose -2*k - 169 + 159 = 0. Is 9 a factor of 970/25 + c/k?
False
Let q be 10 + -7 + 20/(-2). Let f be 1*q/(14/20). Let t = -7 - f. Is t even?
False
Suppose h - z = -3, -h - 2*z + 12 = 2*z. Suppose h = 4*f - 3*f - 64. Is f a multiple of 16?
True
Let q(j) = -3*j**2 - 39. Let g be q(7). Let w = -137 - g. Does 14 divide w?
False
Let v = 160 - 108. Is v a multiple of 5?
False
Let g(q) = -q**3 - q**2 + 9*q - 9. Let j(y) = y**2 - y + 1. Let c(f) = g(f) + 3*j(f). Is 2 a factor of c(3)?
False
Suppose 4*w + 3*u = 347, 2*u = 4*w - 3*u - 307. Let s = w - 77. Is s a multiple of 3?
True
Does 53 divide -4*(-9 + (-458)/8)?
True
Let d be (26/(-5))/((-7)/35). Suppose 63 = 2*z - 29. Let y = z - d. Is y a multiple of 7?
False
Suppose -3*g = -4*h + 552, -5*h + 4*g + 709 = 5*g. Is 47 a factor of h?
True
Is 132/110 - (-57)/15 a multiple of 4?
False
Let f = -9 + 8. Let y(z) = -193*z**3 + z. Is 19 a factor of y(f)?
False
Let p(t) = 258*t + 255. Is 13 a factor of p(7)?
False
Let y(d) = 42*d**2 - d - 2. Let t = 7 + -9. Let m be y(t). Suppose 6 = 5*i - 8*i, 2*k + 5*i = m. Does 17 divide k?
False
Suppose 2346 + 2442 = 38*u. Is u a multiple of 10?
False
Let c be (42/8)/(((-1)/4)/1). Let p = c + 53. Is 8 a factor of p?
True
Let o(k) = -k**3 - 34*k**2 - 74*k - 18. Does 17 divide o(-32)?
False
Suppose 24 + 1 = 5*r. Suppose 0 = i + r - 30. Suppose -3*s - i - 4 = -l, -5*l + s + 145 = 0. Is 19 a factor of l?
False
Does 34 divide (-113400)/(-115) + 14/(-161)?
True
Suppose 0 = -4*k + 4*x + 15 + 1, -3*k + 2*x + 14 = 0. Suppose 205 = k*y - y. Let n = -24 + y. Is n a multiple of 3?
False
Let o(m) = -m + 8. Let t(n) = n - 5. Let i be t(9). Suppose -2*a + 13 = i*z + a, -z = a - 3. Does 3 divide o(z)?
False
Let v(w) = -14*w + 2. Let u = 77 + -81. Does 14 divide v(u)?
False
Is 13 a factor of 209 - 5*2/10?
True
Let c = -19 - -23. Suppose 5*y = a - 371, c*a - 6 = -2. Let w = -46 - y. Does 12 divide w?
False
Let b(k) = k + 7. Let c be b(-7). Suppose 3*h + 2*h - 50 = c. Is ((-12)/h)/((-2)/5) even?
False
Does 42 divide 2/(-17) - (-14120)/85 - 0?
False
Let k be 4/5*(1 + 12/8). Does 31 divide 93/(k - 4/(3 - -5))?
True
Suppose 5*l - 723 = -3*x, l - 718 = -4*l + 2*x. Is l a multiple of 18?
True
Suppose -25*a = -38*a + 26. Suppose -5*v = -y + 28, 5*y - 2 = y - 2*v. Suppose -a - y = -w. Is 5 a factor of w?
True
Let c(a) be the first derivative of -a**2/2 + 14*a - 25. Let r(j) = -j**3 - j + 9. Let m be r(0). Does 3 divide c(m)?
False
Let j = 10 - -100. Suppose -j = -8*u + 130. Is u a multiple of 15?
True
Let o be (22 - 22)*1/(-2). Suppose 3*z + 18 - 84 = o. Is z a multiple of 11?
True
Let b(t) = t**3 + 5*t**2 - 7*t - 4. Let j(q) = q**3 + 6*q**2 - 5*q + 8. Let m be j(-7). Let y be b(m). Suppose 1 = -y*w - 9, 5*w = -u - 3. Does 11 divide u?
True
Let u(n) = -n**3 + 7*n**2 - n + 13. Let i be u(7). Suppose 2*p + 0*p = i, -4*p - 136 = -y. Does 13 divide y?
False
Let a be (-1 + 1)/(3/(-3)). Suppose a = -9*t + 4*t + 115. Let d = t - 13. Is 4 a factor of d?
False
Let z(u) = -2*u**3 - u**2 + u + 4. Suppose r + 12 = 4*r. Suppose 1 - r = b. Is 23 a factor of z(b)?
True
Suppose -39*a + 43*a + 4164 = 4*d, 1046 = d - 2*a. Is 46 a factor of d?
False
Suppose -4*j = -q - 18952, 3*j + 0*q - 14214 = 2*q. Does 23 divide j?
True
Let t be (-13 + 13)/(2*-1). Suppose t*x - 2*w = -5*x + 159, -5*x + 165 = -5*w. Is 20 a factor of x?
False
Let h(f) = f**2 - 19*f - 5. Let d be h(12). Let p = -44 - d. Is p a multiple of 15?
True
Suppose 5*b - b = 2*l + 18, 3 = l + b. Let d(w) = -263*w - 14. Does 13 divide d(l)?
False
Let m(r) = 4*r - 2. Let s(h) = -h + 7. Let n be s(10). Let j(d) = 5*d - 3. Let l(y) = n*m(y) + 4*j(y). Is l(6) a multiple of 10?
False
Suppose 192 = -0*v + 4*v. Suppose -v = 5*t - 6*t. Is 12 a factor of t?
True
Let u(w) be the third derivative of -1/8*w**4 + 0*w + 0 + 1/20*w**5 + 6*w**2 + 1/6*w**3. Is 4 a factor of u(3)?
False
Suppose 16 - 4 = 2*d. Does 26 divide (d/3)/((-8)/(-508))?
False
Suppose -189 = 3*s - 2*s + 2*t, 0 = 3*t + 6. Let c(u) = -11*u**2 + 2*u - 4. Let g be c(5). Let i = s - g. Is 28 a factor of i?
True
Let p be ((-68)/(-51))/(2/3). Is 3 a factor of (-2 - p)/4 - -8?
False
Suppose -4*w - s = 4*s + 5, 0 = 4*w + 3*s - 5. Suppose -w*q + 7*q = 90. Is 9 a factor of q?
True
Let w = 579 + -15. Is 12 a factor of w?
True
Let u = 251 - -541. Is u a multiple of 12?
True
Suppose 0 = 7*j - 10*j + 6, -157 = -q - 2*j. Does 17 divide q?
True
Suppose 2*j = 5*w + 4*j + 71, -2*j = -4. Is 12 a factor of (1 - (1 - -1))*(w + -21)?
True
Is 87*(30/9 - 24/(-8)) a multiple of 29?
True
Let g(t) = t**2 + 4*t + 4. Let v be g(-3). Does 6 divide (v - 5) + 36 + -7?
False
Suppose 0 = 68*j - 70*j + 882. Is 21 a factor of j?
True
Let n(x) = 14*x - 1. Let h be n(-1). Let a = 6 + h. Is 8 a factor of (-49)/(-3) + a/27?
True
Let x(g) = -g**3 - 12*g**2 - 14*g + 9. Let t be 24/84 + -2 + (-144)/14. Is x(t) a multiple of 46?
False
Let l(v) be the first derivative of 99*v**2 + 10*v + 33. Is l(1) a multiple of 16?
True
Let c = 6955 + -4387. Is 17 a factor of c?
False
Let l = 3063 + -1127. Suppose 0 = 4*b + 4*b - l. Is 11 a factor of b?
True
Suppose -3*w - a = -17233, 7*w - 22999 = 3*w + 3*a. Is 17 a factor of w?
True
Let m(j) = 4*j**3 - 9*j**2 - 5*j + 18. Let v(q) = 3*q**3 - 9*q**2 - 5*q + 17. Let c(r) = 2*m(r) - 3*v(r). Does 10 divide c(9)?
True
Suppose -4*q - 100 = -4*b, -22*b = -18*b + 5*q - 55. Does 6 divide b?
False
Let n be 1 - 1 - 24/(-4). Let z(j) = j**2 - 8*j + 16. Let b be z(n). Is (4/(-10))/(b/(-80)) even?
True
Let l = 1134 + -718. Suppose -l = -4*v - 0. Is 13 a factor of v?
True
Let x = -308 - -726. Does 38 divide x?
True
Let o be (1 - 213/6)*-2. Suppose -3*q = -o - 57. Is 9 a factor of q?
False
Suppose -22*n + 6*n = -3824. Does 65 divide n?
False
Is 3 a factor of (-4 - 472/(-12))/(18/27)?
False
Suppose -16 = 4*w - 20. Let m be ((-2)/(-14) - w)*-14. Suppose -69 = -5*f - 0*v + v, -3*v - m = 0. Does 8 divide f?
False
Let p = 0 - -2. Let d = 4 - p. Let w(a) = a**3 - 2*a**2 + a + 1. Is 3 a factor of w(d)?
True
Let o(h) = 3 + 37*h**3 - 4*h + 6*h - 1 + h**2 - 4. Is o(1) a multiple of 16?
False
Let z = -48 + 32. Let m = z + 94. Is 6 a factor of m?
True
Let z = -663 - -1158. Is z a multiple of 33?
True
Suppose s - 133 - 102 = 4*t, 4*t - 12 = 0. Does 13 divide s?
True
Suppose -6*o - 6 = -24. Suppose -3*b + 207 = -o*j, 0*b - 5*j = -2*b + 144. Does 14 divide b?
False
Let s(p) = -3*p + 2. Let y(b) = -1. Let c(j) = -5*s(j) - 35*y(j). Is c(9) a multiple of 40?
True
Let q(t) be the third derivative of -t**5/60 + 3*t**4/4 + 3*t**3 - 5*t**2. Is q(18) a multiple of 3?
True
Suppose 6*c - 8*c = -6. Let x be 1 + -2 + (7 - 1). Suppose 25 = 3*l - x*h - 16, -4*h = -c*l + 40. Is 6 a factor of l?
True
Let i = -8 + 7. Is 20 a factor of i/(-5) + 2097/15?
True
Let m = -1053 + 1935. Is 14 a factor of m?
True
Suppose -14*q + 169 + 755 = 0. Suppose 0*u - u = 39. Let z = q + u. Is z a multiple of 13?
False
Let o(a) = 2*a - 21. Let m be o(14). Suppose m*l + 10 = 136. Does 2 divide l?
True
S